remainder when 995843 is divided by 1162?
9
Calculate the remainder when 72161 is divided by 10301.
54
Calculate the remainder when 5171 is divided by 139.
28
Calculate the remainder when 52243 is divided by 233.
51
Calculate the remainder when 7852 is divided by 79.
31
Calculate the remainder when 3974 is divided by 51.
47
Calculate the remainder when 3659 is divided by 838.
307
Calculate the remainder when 3153181 is divided by 893.
891
Calculate the remainder when 34119 is divided by 47.
44
Calculate the remainder when 652 is divided by 24.
4
Calculate the remainder when 44503 is divided by 44497.
6
Calculate the remainder when 16919 is divided by 5627.
38
Calculate the remainder when 782 is divided by 45.
17
What is the remainder when 24064 is divided by 94?
0
What is the remainder when 23588 is divided by 7772?
272
Calculate the remainder when 3933102 is divided by 605.
602
Calculate the remainder when 24673 is divided by 12237.
199
Calculate the remainder when 3163544 is divided by 45.
44
What is the remainder when 9211 is divided by 1388?
883
Calculate the remainder when 1301 is divided by 570.
161
What is the remainder when 48893 is divided by 63?
5
What is the remainder when 35527 is divided by 18?
13
What is the remainder when 3881 is divided by 229?
217
What is the remainder when 329 is divided by 18?
5
What is the remainder when 16531 is divided by 1370?
91
Calculate the remainder when 51129 is divided by 752.
745
What is the remainder when 95365 is divided by 170?
165
What is the remainder when 3791 is divided by 1238?
77
What is the remainder when 5510 is divided by 229?
14
What is the remainder when 241296 is divided by 63?
6
Calculate the remainder when 83 is divided by 15.
8
Calculate the remainder when 1539704 is divided by 12.
8
Calculate the remainder when 83163 is divided by 2314.
2173
What is the remainder when 1824872 is divided by 1147?
1142
What is the remainder when 119049 is divided by 64?
9
What is the remainder when 18740 is divided by 18673?
67
What is the remainder when 967142 is divided by 718?
714
Calculate the remainder when 1270 is divided by 88.
38
What is the remainder when 51768 is divided by 167?
165
What is the remainder when 20020 is divided by 1398?
448
Calculate the remainder when 80740 is divided by 412.
400
What is the remainder when 14902 is divided by 15?
7
Calculate the remainder when 53354 is divided by 35.
14
What is the remainder when 31449 is divided by 1017?
939
Calculate the remainder when 882 is divided by 47.
36
What is the remainder when 1212925 is divided by 412?
409
Calculate the remainder when 166077 is divided by 20.
17
What is the remainder when 6518 is divided by 156?
122
What is the remainder when 11359 is divided by 524?
355
What is the remainder when 1060 is divided by 389?
282
Calculate the remainder when 53997 is divided by 26984.
29
What is the remainder when 1048 is divided by 97?
78
What is the remainder when 24280 is divided by 18?
16
Calculate the remainder when 6787 is divided by 222.
127
What is the remainder when 6407 is divided by 666?
413
What is the remainder when 213163 is divided by 45?
43
What is the remainder when 10422 is divided by 3465?
27
Calculate the remainder when 58238 is divided by 128.
126
What is the remainder when 4011 is divided by 39?
33
Calculate the remainder when 70614 is divided by 954.
18
What is the remainder when 3898 is divided by 3859?
39
What is the remainder when 8659 is divided by 346?
9
Calculate the remainder when 41133 is divided by 10282.
5
What is the remainder when 7133 is divided by 2971?
1191
Calculate the remainder when 2433 is divided by 288.
129
Calculate the remainder when 865913 is divided by 318.
317
What is the remainder when 21193 is divided by 157?
155
What is the remainder when 1179219 is divided by 446?
441
What is the remainder when 2113 is divided by 20?
13
Calculate the remainder when 121795 is divided by 13.
11
Calculate the remainder when 216 is divided by 205.
11
Calculate the remainder when 369378 is divided by 506.
504
Calculate the remainder when 2492655 is divided by 830882.
9
Calculate the remainder when 2021875 is divided by 429.
427
What is the remainder when 188301 is divided by 16?
13
What is the remainder when 21134 is divided by 197?
55
What is the remainder when 38527 is divided by 3852?
7
What is the remainder when 7800 is divided by 1886?
256
What is the remainder when 60366 is divided by 13?
7
What is the remainder when 11687 is divided by 79?
74
What is the remainder when 1499483 is divided by 23?
21
What is the remainder when 5840780 is divided by 18?
14
Calculate the remainder when 137697 is divided by 85.
82
What is the remainder when 107422 is divided by 18?
16
Calculate the remainder when 33121 is divided by 35.
11
What is the remainder when 1673 is divided by 361?
229
What is the remainder when 455 is divided by 225?
5
What is the remainder when 222671 is divided by 114?
29
Calculate the remainder when 5538 is divided by 2761.
16
Calculate the remainder when 6520 is divided by 1085.
10
Calculate the remainder when 669342 is divided by 25.
17
What is the remainder when 5968 is divided by 504?
424
What is the remainder when 498676 is divided by 70?
66
Calculate the remainder when 86865 is divided by 86840.
25
Calculate the remainder when 1902 is divided by 328.
262
What is the remainder when 14646 is divided by 165?
126
What is the remainder when 22916 is divided by 7560?
236
Calculate the remainder when 58364 is divided by 19450.
14
Calculate the remainder when 385033 is divided by 98.
89
What is the remainder when 45439 is divided by 758?
717
Calculate the remainder when 121130 is divided by 447.
440
Calculate the remainder when 24208 is divided by 98.
2
Calculate the remainder when 42837 is divided by 118.
3
What is the remainder when 18193 is divided by 937?
390
What is the remainder when 2120 is divided by 696?
32
Calculate the remainder when 48441 is divided by 11.
8
What is the remainder when 2878 is divided by 134?
64
What is the remainder when 79665 is divided by 181?
25
What is the remainder when 4798 is divided by 100?
98
Calculate the remainder when 34714 is divided by 253.
53
Calculate the remainder when 4885 is divided by 787.
163
What is the remainder when 41343 is divided by 4134?
3
What is the remainder when 1009359 is divided by 592?
591
Calculate the remainder when 6551 is divided by 1701.
1448
Calculate the remainder when 66577 is divided by 1448.
1417
Calculate the remainder when 7104 is divided by 13.
6
What is the remainder when 1796662 is divided by 65?
62
What is the remainder when 2105498 is divided by 1977?
1970
Calculate the remainder when 38975 is divided by 23.
13
Calculate the remainder when 2738788 is divided by 45.
43
Calculate the remainder when 42119 is divided by 151.
141
Calculate the remainder when 1284 is divided by 115.
19
Calculate the remainder when 1101099 is divided by 1247.
1245
What is the remainder when 582071 is divided by 225?
221
Calculate the remainder when 4864 is divided by 389.
196
What is the remainder when 38537 is divided by 1924?
57
What is the remainder when 52255 is divided by 8708?
7
What is the remainder when 16478 is divided by 3280?
78
Calculate the remainder when 855481 is divided by 64.
57
What is the remainder when 56096 is divided by 49?
40
What is the remainder when 38772 is divided by 148?
144
What is the remainder when 11537 is divided by 37?
30
What is the remainder when 71114 is divided by 1045?
54
What is the remainder when 10059 is divided by 628?
11
What is the remainder when 5762 is divided by 818?
36
What is the remainder when 27231 is divided by 23?
22
What is the remainder when 429734 is divided by 48?
38
Calculate the remainder when 88778 is divided by 29563.
89
What is the remainder when 52632 is divided by 44?
8
What is the remainder when 6638 is divided by 2447?
1744
What is the remainder when 225491 is divided by 228?
227
What is the remainder when 41700 is divided by 70?
50
What is the remainder when 56713 is divided by 14176?
9
Calculate the remainder when 15894 is divided by 2642.
42
What is the remainder when 9657 is divided by 374?
307
What is the remainder when 23933 is divided by 1211?
924
Calcula